 = -h + 3*v - 10773. List the prime factors of (-1)/4 + h/(-44).
2, 37
Let m(i) be the second derivative of -67*i**3/3 - 95*i**2/2 + 7*i - 2. What are the prime factors of m(-6)?
709
Suppose -20*t = -27*t + 7924. Let u = -665 + t. What are the prime factors of u?
467
List the prime factors of (8/(-28) - (-722)/28)*4518/27.
17, 251
Let g = 267 - 276. List the prime factors of (6/(-8))/(g/(-24)) + 341.
3, 113
Let x(n) = n**2 + 3*n + 2. Let h be x(-4). Let p be (-5)/(10/(-24) - 71/(-142)). List the prime factors of (-16132)/p - h/(-45).
269
Let g(k) = 340*k + 1117. List the prime factors of g(25).
59, 163
What are the prime factors of (8/(-16))/(2*9/(-113688))?
2, 1579
Let r be 7878/8 + 75/(-100). Suppose 0 = 80*b - 88*b + r. List the prime factors of b.
3, 41
Let d = 314 - 329. What are the prime factors of 1455/(-5)*55/d?
11, 97
Let v(d) = d**3 - 6*d**2 + d - 1. Let h be v(6). Suppose -h*t + 4986 = -504. What are the prime factors of 3/(-5) + t/30?
2, 3
Let n be 356 + 2 + (-5 - -1)*1. List the prime factors of ((-12)/(-36))/(2/n).
59
Suppose -75*l - 36 = -81*l. List the prime factors of l/12*0 - -655.
5, 131
Suppose -b + 10 + 6 = 4*z, 2*z = 8. Suppose 4*f - 4*w = 3728, 2789 = 3*f - b*w + 4*w. What are the prime factors of f?
7, 19
Let m = 10856 - 5309. List the prime factors of m.
3, 43
Let i = 124213 + -82395. What are the prime factors of i?
2, 7, 29, 103
Suppose 171*s - 185*s - 19180 = 0. Let y = s + 2677. What are the prime factors of y?
1307
Let u be (-5 + 2)/((-18)/(-1236)). Let j = 592 - u. What are the prime factors of j?
2, 3, 7, 19
Suppose 2*y - 15428 = 5*m - 4462, 0 = -2*m. List the prime factors of y.
5483
Let r(w) = -w + 1. Let f(j) be the first derivative of -j**3/3 - 3*j**2 + 11*j + 38. Let a(b) = -2*f(b) + 22*r(b). What are the prime factors of a(-7)?
2, 3, 7
Let n(a) = -a**2 - 11*a + 57. Let x be n(-14). Suppose -x*o + 1368 = -2622. List the prime factors of o.
2, 7, 19
List the prime factors of 4/(-10)*(-206100)/120.
3, 229
Let f = 397 - 202. Let z = -133 + f. List the prime factors of z.
2, 31
Let f be 30/(-16) + 2 - (-242505)/120. Suppose -11*u = -f - 5415. What are the prime factors of u?
2, 13
Let t = 46 - 27. Let z = t - 10. What are the prime factors of ((-1)/(-2))/(z/180)?
2, 5
Suppose -5577 - 3513 = -9*y. Let b = y - 353. List the prime factors of b.
3, 73
Suppose -234*g = 234*g - 2498576 - 987088. What are the prime factors of g?
2, 7, 19
Let a(y) = y**3 - 7*y**2 + 4*y - 12. Let v be a(8). Let m = -125 + v. What are the prime factors of 69 + 2 + -1 - (45 + m)?
2, 3, 11
Suppose 0 = 2*v + 925 + 363. Let o = -325 - v. What are the prime factors of o?
11, 29
Let r = 5174 + -2438. Suppose 51*u - r = 47*u. List the prime factors of u.
2, 3, 19
Suppose -4*j + 4*m - 16 = 0, -j - 4*m - 1 = -2. Suppose 69*r - 73*r = -4. List the prime factors of 67 + j + (4 - r).
67
What are the prime factors of (-19 - 2)*(-1434824)/582?
2, 7, 43
Let y be (3 + -6)/(3/(-2)). Suppose -3*l - 2*u - 14 = 0, y = -4*u + 10. List the prime factors of (-27)/(-6) + (-3)/l.
5
Let r = -26559 - -56287. What are the prime factors of r?
2, 929
Let i(c) = c**3 + 4*c**2 + 5*c + 5. Let f be i(-2). Suppose -4*b = w - 4, -2*w - 16 + 2 = -f*b. Suppose -b*o - o + 48 = 0. List the prime factors of o.
2
Let a(y) = y + 1. Let f(o) = 1313*o - 12. Let k(v) = -6*a(v) + f(v). What are the prime factors of k(1)?
1289
What are the prime factors of 19/57*(9748 - 7)?
17, 191
Let d(w) = 4*w - 2*w**3 + 3*w**2 + 31 - 16*w**2 + w**3 + 12*w. Let g be d(-14). Suppose g*h + 149 = 545. What are the prime factors of h?
2, 3, 11
Let k(j) = 5040*j + 473. What are the prime factors of k(6)?
30713
Let o = 14202 - 8342. List the prime factors of o.
2, 5, 293
Let l(w) = 2*w**2 - 32*w + 86. Let s be l(25). Let u = 8 + -6. Suppose -4*v = -c + 253, 5*v = u*c + 18 - s. List the prime factors of c.
269
Suppose 125 - 95 = 5*n. List the prime factors of ((-45)/n)/(42/(-5152)).
2, 5, 23
Let r(v) = -v + 263. Let k be r(-21). Suppose -3*t - 5*o + k = -2*t, -3*t = -o - 900. What are the prime factors of t?
13, 23
Suppose -8*q + 26 = 5*q. Suppose -3*x - c + 1678 = -0*c, 2*c = q*x - 1132. List the prime factors of x.
3, 11, 17
Let f be 4 + 0 - 1 - -1. Let v be 0*(f + 11/(-3)). Suppose 2*s + 3*u - 144 = v, s - 5*u - 56 = 42. What are the prime factors of s?
2, 3, 13
Let v(b) = -14*b - 6*b - 22*b - 29 + 9*b. What are the prime factors of v(-10)?
7, 43
Suppose 11*t - 8 - 157 = 0. Suppose -t*b = -15930 - 11790. What are the prime factors of b?
2, 3, 7, 11
Let h = 935 + -491. Suppose 0*i + 2185 = 5*l + 3*i, -l - 2*i + h = 0. Suppose -5*u = a - 686, 0*a - 5*a = -3*u + l. List the prime factors of u.
2, 3, 23
Let n(i) = -4*i - 19. Let l be n(-5). What are the prime factors of (l + -102)*-1*(-2 - -3)?
101
Let t(x) be the first derivative of x**3/3 - 11*x**2/2 - 114*x + 195. List the prime factors of t(-22).
2, 3, 17
What are the prime factors of (0 - (-5)/(-2))*-6242?
5, 3121
Suppose 2*d + 504 = -2*p, 113 = 3*p + d + 879. Let v = p - -1921. What are the prime factors of v?
2, 13
Suppose -3*q + 4*t - 15 = t, -2*t = -q - 10. Suppose q = -r + 20 + 55. Suppose 439 = 4*w + 3*z + r, 4*z = -2*w + 182. List the prime factors of w.
7, 13
Suppose 4781 = 11*s + 9*s - 154099. List the prime factors of s.
2, 3, 331
Let s be ((-2)/5)/(5/150). What are the prime factors of ((-15)/(-10))/(s/(-5384))?
673
Let g = 252 + -522. Let a be 6/(-5)*g/81. Suppose -a*v = -7*v + 591. List the prime factors of v.
197
Let g(h) = -h + 1. Let z(s) = s - 11. Let b(r) = -r**3 - 2*r**2 + r + 1. Let o be b(0). Let i(u) = o*z(u) - 3*g(u). What are the prime factors of i(5)?
2, 3
Let z(w) = 5*w**2 + 2*w - 2. Let y be z(1). Suppose 138 = -y*t - c + 1921, 368 = t + 4*c. List the prime factors of t.
2, 89
Let q be (-8)/12 - (106827/9)/(-7). Suppose -109 + q = 13*v. List the prime factors of v.
2, 61
Let h = 11 + -10. Suppose 2*n = 48 - 42. Suppose -7 = -n*s - h. What are the prime factors of s?
2
Let v = -14959 - -25997. What are the prime factors of v?
2, 5519
Let y be (4/(-6))/(4/(-684)). Let z be 64/(-3)*45/(-30). Let c = y - z. List the prime factors of c.
2, 41
Suppose 3 = 3*h - 3*b - 18, 9 = -3*b. Suppose -257 = 5*v + 3*d - 1176, -2*d - h = 0. What are the prime factors of v?
5, 37
Let x(w) = -w**3 - w**2 + 6*w - 27. Let j be x(-4). Suppose 5*u - 20 = -4*p, 8 = 2*u + 6*p - 3*p. What are the prime factors of u + j + 53 + 2?
2, 7
Let j = -8058 - -28001. List the prime factors of j.
7, 11, 37
Let b be (-5)/(15/9) - -3. Suppose 4*l - 1603 - 173 = b. List the prime factors of 9*(-1)/(-15) + l/10.
3, 5
Let x = -1377 + 1380. Let y(w) be the first derivative of 5*w**3/3 - 4*w**2 + 5*w + 1. What are the prime factors of y(x)?
2, 13
Suppose -3*q - 430 = -1525. Suppose -11*w = q - 1410. List the prime factors of w.
5, 19
Suppose -2*o + 14 = -2*f, 2*o - 6 = f + 6. Let q(v) = -v - 7. Let d be q(o). Let m(r) = -10*r + 53. What are the prime factors of m(d)?
173
Let a(h) = 76*h**2 + 138*h + 427. List the prime factors of a(-3).
17, 41
Let i be (48/8 - 31)*-33. Suppose 3*g - 218 = f + 589, 0 = -3*g - 5*f + i. List the prime factors of g.
2, 3, 5
Let d(f) = -6*f - 4. Let u be d(-17). Suppose 0 = -4*i - u + 282. Let t = 182 - i. List the prime factors of t.
2, 17
Let c be 3/3 + 9/(15/5). Let r(z) = z**3 - 4*z**2 + 2*z - 4. Let d be r(4). Suppose -104 = -c*w + d*l + 88, 2*w - 100 = 3*l. What are the prime factors of w?
2, 11
Let p(g) = -28*g**2 - 10*g + 14. Let a(f) = f**2 + f - 1. Let y(z) = -18*a(z) - 2*p(z). List the prime factors of y(2).
2, 73
Let w(f) = -f**3 - 8*f**2 - 4*f + 26. Let l be w(-7). Suppose l*j - 85 = -n, -2*j - 5*n + 6 = -5. List the prime factors of j.
2, 3
Let b(a) = a. Let f(o) = 0 - 1 - 6 + 0 + 33*o. Let z(t) = -4*b(t) + f(t). List the prime factors of z(3).
2, 5
Let u(j) = -2833*j + 6245. What are the prime factors of u(-7)?
2, 3, 41, 53
Suppose 8*c - 23*c - 135 = 0. Let y(d) = d**3 + 15*d**2 + 39*d - 6. Let o be y(c). Suppose 7*u - 6*u = o. List the prime factors of u.
3, 43
Let m(t) = 2*t - 11. Let z(q) = 10*q - 45. Let x(p) = -9*m(p) + 2*z(p). List the prime factors of x(15).
3, 13
Let d = -222 + 222. Suppose -4*s = d, 0*b - 1082 = -2*b - 2*s. List the prime factors of b.
541
Let r(n) = 12*n - 15. Let p be r(2). Let f = p + -5. Supp